uppose 13 = -j - y. Let c = 50 + j. Is c a composite number?
True
Let t(h) = h**3 + 12*h**2 - 3*h + 15. Suppose -2*y = 3*k + 28, 2*y - 6*y - 36 = -4*k. Is t(y) a composite number?
True
Suppose -5*u + 137 = -128. Is u prime?
True
Let i(n) = 2*n**2 - 6*n + 3. Is i(3) prime?
True
Let a(m) = m**3 - 6*m**2 - 8*m - 8. Suppose 2*t + r = 6 + 15, 0 = 4*t + r - 39. Is a(t) a prime number?
True
Suppose x - 2*x = -14. Is ((-70)/4)/(-7)*x a composite number?
True
Suppose 2*r - 4*r + 8 = 0. Suppose -3*b - 3 + 12 = 0. Suppose -r*y + b*y + 13 = 0. Is y a composite number?
False
Suppose 25*n - 21*n - 1228 = 0. Is n a composite number?
False
Let f be 5/2*18/15. Suppose 0 = -c - 4*u + 283, 602 = -f*c + 5*c - 4*u. Is c a composite number?
True
Suppose -3*k + 7 + 5 = 0. Is k/8 - (-5)/2 a prime number?
True
Let w(v) = -54 - 401 + 2*v - 4*v + v. Let b be w(0). Is 4/6 + b/(-15) composite?
False
Suppose j = -4*j - 10. Let m(x) = -327*x**2 - 3*x - 3. Let q be m(j). Is q/(-6)*6/9 a prime number?
False
Let d(g) = 37*g**3 + 6*g**2 - 13*g + 1. Is d(4) a prime number?
False
Let z be 1*(11 - 4)*1. Let l = 6 - 4. Is (z/l)/((-3)/(-6)) a prime number?
True
Suppose -5*a - 104 = -499. Is a a composite number?
False
Let w = 12 - 10. Suppose -w*v - v + 9 = 0. Is v a composite number?
False
Suppose 2*k = 6*k - 200. Suppose -4*p + 2*p + k = 0. Is p a prime number?
False
Is 10*((-22)/(-4) - -1) prime?
False
Suppose -109 + 40 = -3*y. Let s = 68 + -35. Let l = s - y. Is l composite?
True
Let k(d) = -3*d + 15*d**2 - d**2 + 4*d. Is k(2) prime?
False
Suppose 0 = -5*m + 5*o + 50, 4*m + o - 5 = -2*o. Let q be (9/(-1))/(11 - 12). Suppose -m*x + q = -56. Is x a composite number?
False
Let h(i) = -i**2 - 5*i. Let u be h(-4). Let w = -4 + u. Suppose 0 = -5*y - w*y + 395. Is y a composite number?
False
Let o(l) = 4*l**2 - 1. Let s be o(-1). Suppose 2*u = -s*u - 960. Let w = u - -269. Is w a prime number?
False
Suppose o + 4*y = -o + 394, 3*o + 4*y = 581. Is o prime?
False
Let s(g) = -55*g + 7. Suppose 0 = 3*w - 3*y + 33, -5*y + 3 = -w - 12. Is s(w) composite?
False
Suppose 0*t + 23 = 5*t + 2*g, t - 1 = -4*g. Suppose -t*x = -3*n - 149, 4*x - 4*n = -2*n + 120. Is x composite?
False
Let u(f) = 16*f**2 - f - 2. Let q be u(2). Suppose -3*c + 3 = -2*o, -3*c + 6 = -c. Is 1*o*q/18 a composite number?
True
Suppose -2*q + 7*q = -35. Let r(f) = -8 - 2*f - f**3 - 7*f**2 - 5*f**2 + 5*f**2. Is r(q) composite?
True
Suppose 0 = -4*u - 5 - 15. Let w(x) = -x + 1. Let k(v) = 9*v - 8. Let y(f) = -k(f) - 3*w(f). Is y(u) a prime number?
False
Is 17946/10 - (-14)/(-245)*-7 composite?
True
Suppose -6*t = -5*t. Suppose 5*q - h - 814 - 621 = t, q = -3*h + 287. Is q composite?
True
Let b = 22 - 292. Let c = 379 + b. Is c prime?
True
Let v = -7 - -9. Is v/(590/586 - 1) composite?
False
Suppose 0 = -4*b + 3*b - 5. Let a be 5/b*(-1 - -30). Let z = a + 43. Is z a prime number?
False
Suppose -z + 9 + 631 = -3*l, 4*z - 2630 = -2*l. Let v be (10/(-6))/(2/(-6)). Suppose -b - 274 = -3*b - 2*u, 0 = -v*b + 5*u + z. Is b prime?
False
Suppose -1 = h + 1. Let n be 3*2*(-1)/h. Suppose 57 = 2*b - 5*g, 0 = n*b + 3*g - 6*g - 90. Is b a composite number?
False
Suppose -h + 3*y = 19, 2*y = -2*h - 2*y + 12. Let w = 7 + h. Is w prime?
True
Suppose 0 = -18*c + 21*c - 435. Is c composite?
True
Suppose 2*k + 5*f - 12 = 3*f, 0 = -5*k - 3*f + 30. Let v(t) = 2*t**2 + 6*t - 5. Is v(k) a prime number?
True
Suppose 0 = 3*j - 10 + 1. Let y(k) = 2*k**2 + 3*k - 1. Is y(j) a prime number?
False
Let j(i) be the first derivative of -i**6/60 - i**5/10 - i**4/12 - 5*i**3/6 - i**2 - 1. Let c(d) be the second derivative of j(d). Is c(-4) prime?
False
Let p(w) = w**3 + 9*w**2 + 9*w + 2. Let l be p(-8). Let v(d) = -d**2 - 7*d - 6. Let m be v(l). Let q = m + 6. Is q a composite number?
True
Suppose -3*c = -2*y + 56, 4*y - 112 = -0*c + 3*c. Let d = 39 - y. Is d a prime number?
True
Let m(o) = 7*o - 1. Suppose -z + 9 = 2*z. Suppose -p = -4*c + 6, z*p + 1 = -5*c + 17. Is m(c) a prime number?
True
Suppose -w = -2*w + 4. Suppose -w*m = -2*d + 16, -m - 6 = -d - 1. Is m + 41 + (-3 - -2) a prime number?
True
Suppose 2*q = -2 + 14. Suppose 0 = 3*a - q*a + 12. Suppose 3*m = 5*z + 725, m - a*m = -4*z - 721. Is m a prime number?
False
Let r = 11 - 17. Is (r - -7)*155*1 composite?
True
Let z(h) = -7*h + 1. Let l be z(-1). Let s be 30/l - (-1)/4. Suppose -v - 5*u = -s*v + 26, u - 13 = -2*v. Is v composite?
False
Let x(v) be the first derivative of -v**2/2 + v - 1. Let w be x(-1). Is (-303)/(-7) + w/(-7) prime?
True
Let p be -1 + 3 + (-1 - -1). Suppose 2*g - 83 = -f, 7*f = 5*f + p*g + 166. Is f a prime number?
True
Suppose 4*n = 5*i + 4541, 3*n - 3411 = 2*i - 0*i. Is n prime?
False
Suppose 2*q = i - 10, -3*q + 3*i - 4 = 8. Let a(r) = r + 3. Let w(z) = -z**2 - 3. Let y(u) = q*w(u) - 5*a(u). Is y(4) a prime number?
True
Let l(u) = 739*u**2 - 2. Is l(-1) a prime number?
False
Suppose -891 = -4*s + 1193. Is s a prime number?
True
Let r = 11 + -9. Let c = r - -1. Is c a prime number?
True
Let r = 1160 + -627. Is r a prime number?
False
Suppose -3 = 2*t + 2*u - 19, -2*u - 56 = -4*t. Let o = t + 39. Is o composite?
True
Is (-147 + 1 + -3)*(-6 + 3) composite?
True
Suppose -3*x + 7*x + 75 = 5*j, -5*j + 75 = 4*x. Suppose -j = -2*q + 5. Suppose -2*n + 5*c + 90 = 0, 2*c = 2 - q. Is n composite?
True
Let k(x) = 481*x**3 - 13*x**2 + 5*x + 7. Let j(r) = 240*r**3 - 6*r**2 + 2*r + 3. Let h(v) = -9*j(v) + 4*k(v). Is h(-1) a composite number?
True
Is 2*((-426)/(-4) - 0/(-2)) composite?
True
Is 8220/(-2 + 7) + -5 a composite number?
True
Suppose -7*r + 9 = 2. Is 3342/12 - r/2 a prime number?
False
Let n(i) = -i - 9. Let s be n(-9). Suppose 0 = -s*q - 4*q. Let x(f) = f**2 + f + 10. Is x(q) composite?
True
Let v be 1/(-3) + 3094/39. Suppose -5*i + 4*i = -v. Is i a composite number?
False
Suppose 2*m = m + 94. Is m a composite number?
True
Is (279/(-18))/(21/22 - 1) composite?
True
Let b be 9/(0 - 3) - -3. Suppose b = 2*f + 3*s - 152, 0 = s - 1 + 3. Is f composite?
False
Let s be (5 - 8) + (-4)/(-2). Is (s - -3) + 0 - -65 a prime number?
True
Let b = -2 - -300. Is b composite?
True
Let v(j) = -6*j - 3. Let m be v(-6). Let n(h) = -h**2 + 7*h - 3. Let a be n(6). Suppose 60 = a*u - m. Is u a prime number?
True
Suppose 2*a = 4*a - 10. Let b = a + -1. Suppose -150 = -r - 2*l - 57, -b*r = -l - 354. Is r a prime number?
True
Suppose 0 = a + 2, 0 = -5*r - 4*a + 2661 - 634. Is r a composite number?
True
Let g be 2 - (-6)/(1 - 2). Let c be g/4 + 1/1. Suppose c = -2*n + 18 + 12. Is n composite?
True
Let n(w) = 2*w - 9. Let q be n(8). Suppose 32 = 5*a + q. Suppose -a*y = -l + 29, 0 = -3*l - 4*y + y + 51. Is l a composite number?
False
Let q(x) = 7*x**3 + 4*x**2 - 2. Is q(3) a composite number?
False
Suppose 2*o + 2*o + 24 = 0. Let y be 8 - o*(-1)/2. Suppose -10 = -y*c + 385. Is c prime?
True
Suppose 0 = h - 2*h + 919. Is h composite?
False
Let b(n) be the second derivative of n**5/4 + n**4/6 - n**3/3 + 3*n**2/2 + 3*n. Is b(2) a prime number?
True
Suppose r = -2 - 13. Is r*(-1 + 3 + -3) prime?
False
Let x be 3/(1/(12/9)). Suppose -3 = -3*b + h, x*b + h + 9 = -2*h. Suppose -2*i = -b*i - 298. Is i a composite number?
False
Suppose 0 = -2*o - 3*o, 3*i = -4*o + 4197. Is i prime?
True
Let z(c) be the third derivative of c**6/360 + c**5/30 + 7*c**4/24 + c**3/6 - 2*c**2. Let x(y) be the first derivative of z(y). Is x(-6) a prime number?
True
Let o(a) = -13*a + 3. Let i(r) = 6*r - 1. Let z(d) = 7*i(d) + 3*o(d). Let l be z(-2). Let q = l - -11. Is q a composite number?
False
Let s = 75 + -45. Suppose -4*m - 18 = s. Is (1048/m)/(2/(-3)) composite?
False
Suppose -o + 1143 = 138. Suppose -o = -3*g - 243. Is g composite?
True
Let h(b) be the third derivative of -b**6/120 + 3*b**5/20 + b**4/24 + 5*b**3/6 - b**2. Let i be 116/14 + (-18)/63. Is h(i) a prime number?
False
Let u(i) = -126*i - 5. Is u(-6) composite?
False
Suppose -3*x + 4*r + 28 = 0, 0*r - 2*r - 4 = x. Suppose 0*q - x*q + 44 = 0. Is q composite?
False
Let z(g) = 9*g - 5. Let u(l) = 10*l - 6. Let i(o) = -4*u(o) + 5*z(o). Let v be i(2). Is 2 + (v*4 - 0) a prime number?
False
Let q = -1610 + 2817. Is q a composite number?
True
Let s(h) = -h**2 + 2*h - 84. Let x be s(0). Let q = x + 271. Is q a composite number?
True
Suppose 5*b = 5463 + 737. Suppose -3*p + z + b = 0